What is the tens digit of w?
3
Let f(j) = j**2 + 0*j**2 + 2*j - 3*j + 5 + 3*j. Let i be f(0). Let s(k) = 5*k - 4. What is the units digit of s(i)?
1
Let h be 5/(-2)*(-14 + 12). Suppose 0 = -h*k + 2*k + 375. What is the tens digit of k?
2
Let h(a) = 29*a - 1. Let l be h(3). Suppose 0 = 4*d - 6 - l. What is the tens digit of d?
2
Let l(d) = 181*d - 142. What is the tens digit of l(4)?
8
Let h(f) = 9*f**2 + 12*f - 14. Let u be h(-6). Suppose 4*x - u = 454. What is the units digit of x?
3
Suppose r + 5141 = 3*n, -7*r = -4*n - 12*r + 6880. What is the units digit of n?
5
Let s = 414 - 288. Suppose 0 = 127*w - s*w - 139. What is the tens digit of w?
3
What is the tens digit of 2/(-2)*(-8 + -207)/5?
4
Let u = 14 - 12. Let c(i) = -17*i + u + 10*i + 2. What is the tens digit of c(-4)?
3
Let x = 33 + -35. What is the tens digit of (-744)/(-54) - x/9?
1
What is the hundreds digit of (-12)/36 + 2 + (-2227)/(-3)?
7
Suppose -1318*g - 2072 = -1320*g. What is the hundreds digit of g?
0
Suppose -p - 11 = -3*q, -2*p - p + 15 = 3*q. Suppose -3 = -z - 4*r - 14, 2*z + q*r = -6. Suppose z*g = 10, 6*o - 3*g = 2*o + 62. What is the units digit of o?
7
Suppose -4*z + 5*m = -1200, 0*z - z - 5*m = -300. Let n = 436 - z. What is the hundreds digit of n?
1
Suppose 2*p - 889 = -3*j, -2*j + p = -6*j + 1177. What is the hundreds digit of j?
2
Suppose 0 = -4*g - g + 10. Suppose 0 = g*b + 29 - 125. What is the tens digit of b?
4
Let l(u) = 3*u**2 + 30*u + 7. What is the units digit of l(-12)?
9
Suppose 6*c - 7*c + 24 = 0. Let n(z) = -25*z**2 + c*z**2 - 5 + 31. What is the tens digit of n(0)?
2
Let g be (11/(165/36))/(2/45). Let q = 208 - g. What is the tens digit of q?
5
What is the tens digit of -9*(-2)/24 + (-1381)/(-4)?
4
Let f be (-356)/(-4) - (-1 - -2). Let j = f + -47. Let x = -27 + j. What is the units digit of x?
4
Let v = 184 + -516. Let l = 501 + v. What is the tens digit of l?
6
Let p(k) = -8*k - 22. Let g be p(7). Let d = 116 + g. What is the tens digit of d?
3
Suppose 3*f = -96 + 960. Suppose 0 = -3*u + 5*u - f. What is the tens digit of u?
4
Let y(f) be the second derivative of -f**5/20 + 5*f**4/12 - f**2/2 - 5*f. Let c be y(2). What is the units digit of 14 - c - (0 - -1)?
2
Let j = -3413 - -7828. What is the tens digit of j?
1
Suppose 2*z - 22 = -9*z. What is the units digit of (455/10)/(1/z)?
1
Suppose -12 = 42*h - 45*h. What is the tens digit of (-163)/(-11) - h/(-22)?
1
Suppose 28*u - 8508 = 22*u. What is the units digit of u?
8
Let b = 6122 - 4246. What is the tens digit of b?
7
Let b = 11 + -3. Let u be (-218)/((10/b)/(-5)). What is the tens digit of u/36 - 6/27?
2
Suppose -2*p + 394 = 132. Let n = p + -79. What is the tens digit of n?
5
Let n(r) = -3*r - 11*r**2 + 27*r**2 + 25*r**2 + 3 - 1. What is the tens digit of n(1)?
4
Let t be (0 + (4 - 2))/(-2). Let q = t - -78. What is the tens digit of q?
7
Let f = 15 + -44. Let t = 45 + f. What is the units digit of t?
6
Let r = -15 + 9. Let t = r + 10. Suppose 4 + 1 = 5*m + x, -t = -4*m + x. What is the units digit of m?
1
Let c = 34 + -49. Let l be (-5)/c*-15*5. Let f = 3 - l. What is the tens digit of f?
2
Let p(c) = 25*c**2 + c - 2. Let a be p(1). Let z be (-18)/a*(-2 + 10). What is the units digit of (20/(-6))/(z/45)?
5
Suppose -5*w + 24 = 2*x, -2*w + 8 + 8 = 4*x. Suppose 3 = -g + 5*a + 19, 0 = -3*g + w*a + 4. Let z = 10 - g. What is the tens digit of z?
1
Suppose -3*s + 5*s - 5*v - 15 = 0, -4*s = 3*v - 95. Suppose -m = -2*m + s. What is the units digit of m?
0
Let v(x) = 503*x - 1186. What is the hundreds digit of v(6)?
8
What is the units digit of 70714/21 - (1 + (-15)/9)?
8
Suppose 0 = 51*m - 2*m - 318108. What is the thousands digit of m?
6
Let q be (-1)/(2/32*2/(-4)). Suppose 0 = -m + q + 15. What is the tens digit of m?
4
Let l(d) = 129*d**3 - 2*d**2 + 1. Let z be l(1). Suppose 4*t - 3*r = -303, 68 + 11 = -t + 4*r. Let g = z + t. What is the units digit of g?
3
Suppose -3*o = -n - 2610, -n - 8 + 11 = 0. What is the units digit of o?
1
Let s(q) = -13*q + 8. Let v(f) = f**2 + 24*f + 19. Let k be v(-23). What is the units digit of s(k)?
0
Let n(g) be the second derivative of -g**5/20 + g**4/12 - g**3/2 - 3*g**2/2 - 8*g. Let a be n(-3). Let q = a - -4. What is the tens digit of q?
4
Let n = -4275 - -6393. What is the tens digit of n?
1
Suppose -17*r = 10*r - 92394. What is the hundreds digit of r?
4
What is the hundreds digit of (-1)/((-1)/115)*(-60 + 61)?
1
Suppose 290720 = 80*d - d. What is the tens digit of d?
8
Let k(y) = 3*y**2 - 40*y - 16. Let n(g) = -6*g - 1. Let h be n(-3). What is the units digit of k(h)?
1
Let g(o) = 4*o + 1. Let d be 8/(-3) - 10/(-15). Let p be g(d). Let y = 15 - p. What is the tens digit of y?
2
Let m be (6/4)/((-6)/(-12)). Suppose l - m*i - 8 = 11, -i = -l + 27. What is the tens digit of (-3)/((-9)/(-12)) + l?
2
Let o = -27 - -30. Let d be (-18)/15*(32 + o). What is the units digit of ((-854)/d)/((-1)/(-3))?
1
Let x = 1739 + 213. What is the units digit of x?
2
Let i(w) = -1 + 14 + 1 - 1 + 9*w. What is the tens digit of i(7)?
7
Let b be 0 + (-9)/3 - 0. Let s be (-177)/b + (-4)/(-4). Let w = s - 15. What is the tens digit of w?
4
Let b = -75 + 257. Let y = b - 102. What is the units digit of y?
0
Suppose 13*p - 6307 = -4*p. What is the tens digit of p?
7
Let r = 4883 - 2528. What is the units digit of r?
5
Let p(l) = -2*l**2 - l - 109. Let x(s) = 5*s**2 + 3*s + 326. Let g(y) = 11*p(y) + 4*x(y). What is the units digit of g(0)?
5
What is the tens digit of (-1412)/12*-3 - -6?
5
Let u(x) = -27*x**2 + 2*x - 4. Let c be u(2). Let k = c - -170. What is the units digit of k?
2
Let o = -5 + 12. Let w = o - 3. Suppose 3*b - w = -b. What is the units digit of b?
1
Let w be (-40)/(-2) - -3 - 3. Suppose 3*q - 3*g = -7*g + 11, -3*q + w = -5*g. Suppose -38 = -q*f - 13. What is the units digit of f?
5
Let g = 2 + 7. Let m(l) = -l**2 + 0*l + 5*l - 152 + 147 + 6*l. What is the units digit of m(g)?
3
Let a be 104/(-2*(-5 - -4)). Suppose 4*v = 6*v + a. What is the units digit of v/(-52) + 111/2?
6
Suppose 2*r = 0, -r = -2*a - 12 - 8. Let y = a + 8. What is the units digit of y/4 + 172/8?
1
Let v = 4412 - 3123. What is the thousands digit of v?
1
Suppose -2*j - 3*x = -2*x - 3, 3*j - x = 2. What is the tens digit of j/(4/(-6))*(3 + -21)?
2
Suppose -65 = 4*j + 3*n, n = 2*n - 5. Let z = j + 11. Let o = 21 + z. What is the tens digit of o?
1
Let s be 1 - 3/(6/(-16)). Let f(z) = -z + 4. Let y be f(s). What is the units digit of ((-18)/y)/(14/35)?
9
Let t = 2255 + -1570. What is the tens digit of t?
8
Let v = 53 + -89. Let c = v + 40. What is the units digit of c?
4
Suppose 4*z - 270 = z. Suppose -5*y + 6*y = z. What is the tens digit of y?
9
Let y be (-2)/(-5)*(5 - 35). Let r(v) = -2*v + 40. What is the tens digit of r(y)?
6
What is the units digit of 2/8 + 29016/32?
7
Suppose 0 = -1828*k + 1827*k + 526. What is the tens digit of k?
2
Let d(s) be the second derivative of -s**4/12 + 3*s**3/2 + 21*s**2/2 - 2*s. Suppose 0 = -8*i - 31 + 103. What is the tens digit of d(i)?
2
Let t(d) = d**2 + 2*d + 27. Let o be t(0). Suppose o = m - 0*m. What is the tens digit of m?
2
Let r(m) = -3*m + 37. Let o be r(17). Suppose -2*z = -2*x - 0*z - 42, -3*x = -z + 53. Let u = o - x. What is the units digit of u?
2
Suppose -45 = -4*p - 1. Let q(f) = -f**3 + 13*f**2 - 9*f - 9. Let j be q(p). Let u = -83 + j. What is the tens digit of u?
5
Let n(q) = -q**2 - 7*q + 3. Let c be n(-7). Suppose -4*t - 73 = -w - 9*t, c*w + 3*t - 219 = 0. What is the units digit of w?
3
Let x(h) = 899*h**2 + 25*h - 57. What is the thousands digit of x(2)?
3
Let b(d) = 20*d**2 + 265 - 18*d**2 - 49. Let s be b(0). Suppose 10*j = 14*j - s. What is the tens digit of j?
5
Suppose 5*z - 14049 = 2*s, 8*s + 11246 = 4*z + 3*s. What is the hundreds digit of z?
8
Let u = 1318 - -674. What is the tens digit of u?
9
Let n = 1244 + -887. Let i = n - 88. What is the hundreds digit of i?
2
Suppose -4*z + 2*z - 2*t = -602, 0 = -z - 4*t + 307. Let l = z - 204. What is the tens digit of l?
9
Suppose 1872 + 83 = 5*c. What is the units digit of c?
1
Suppose 6*v = 3*v + w - 64, -84 = 4*v - w. Let g be (-132)/v + (-4)/(-10). What is the units digit of (-9)/(g - 4) - -38?
5
Let h = 266 + 474. What is the units digit of h?
0
What is the hundreds digit of (-26320)/(-